{"id":1621,"date":"2023-05-15T17:11:01","date_gmt":"2023-05-15T15:11:01","guid":{"rendered":"http:\/\/wordpress.tilly-hedrich.de\/wordpress.tilly-hedrich.de\/?page_id=1621"},"modified":"2023-07-19T11:13:49","modified_gmt":"2023-07-19T09:13:49","slug":"news","status":"publish","type":"page","link":"https:\/\/wordpress.tilly-hedrich.de\/wordpress.tilly-hedrich.de\/news\/","title":{"rendered":"News"},"content":{"rendered":"<h2>Rund um Tilly Hedrich<\/h2>\n<h2>News &#038; Angebote<\/h2>\n<p>\t\t\t\t\t\t\t\t\t\t\t\t\t\t\t<img decoding=\"async\" width=\"800\" height=\"358\" src=\"https:\/\/wordpress.tilly-hedrich.de\/wordpress.tilly-hedrich.de\/wp-content\/uploads\/2023\/04\/logo_hedrich_herold-1024x458.jpg\" alt=\"\" loading=\"lazy\" srcset=\"https:\/\/wordpress.tilly-hedrich.de\/wordpress.tilly-hedrich.de\/wp-content\/uploads\/2023\/04\/logo_hedrich_herold-1024x458.jpg 1024w, https:\/\/wordpress.tilly-hedrich.de\/wordpress.tilly-hedrich.de\/wp-content\/uploads\/2023\/04\/logo_hedrich_herold-300x134.jpg 300w, https:\/\/wordpress.tilly-hedrich.de\/wordpress.tilly-hedrich.de\/wp-content\/uploads\/2023\/04\/logo_hedrich_herold-768x344.jpg 768w, https:\/\/wordpress.tilly-hedrich.de\/wordpress.tilly-hedrich.de\/wp-content\/uploads\/2023\/04\/logo_hedrich_herold.jpg 1082w\" sizes=\"(max-width: 800px) 100vw, 800px\" \/>\t\t\t\t\t\t\t\t\t\t\t\t\t\t\t<\/p>\n<p>Bleiben Sie auf dem Laufenden, indem Sie regelm\u00e4\u00dfig unsere Seite besuchen oder uns auf Facebook und Instagram folgen. So verpassen Sie keine unserer lohnenswerten Angebote.<\/p>\n<p>Wir freuen uns darauf, Sie bei unseren kommenden Aktionen begr\u00fc\u00dfen zu d\u00fcrfen und Ihnen wertvolle Vorteile zu bieten. Bleiben Sie dran und erleben Sie mit uns die Welt der Energieeffizienz und attraktiven Angebote!<\/p>\n","protected":false},"excerpt":{"rendered":"<p>Rund um Tilly Hedrich News &#038; Angebote Bleiben Sie auf dem Laufenden, indem Sie regelm\u00e4\u00dfig unsere Seite besuchen oder uns auf Facebook und Instagram folgen. So verpassen Sie keine unserer lohnenswerten Angebote. Wir freuen uns darauf, Sie bei unseren kommenden Aktionen begr\u00fc\u00dfen zu d\u00fcrfen und Ihnen wertvolle Vorteile zu bieten. Bleiben Sie dran und erleben [&hellip;]<\/p>\n","protected":false},"author":1,"featured_media":4502,"parent":0,"menu_order":0,"comment_status":"closed","ping_status":"closed","template":"","meta":[],"_links":{"self":[{"href":"https:\/\/wordpress.tilly-hedrich.de\/wordpress.tilly-hedrich.de\/wp-json\/wp\/v2\/pages\/1621"}],"collection":[{"href":"https:\/\/wordpress.tilly-hedrich.de\/wordpress.tilly-hedrich.de\/wp-json\/wp\/v2\/pages"}],"about":[{"href":"https:\/\/wordpress.tilly-hedrich.de\/wordpress.tilly-hedrich.de\/wp-json\/wp\/v2\/types\/page"}],"author":[{"embeddable":true,"href":"https:\/\/wordpress.tilly-hedrich.de\/wordpress.tilly-hedrich.de\/wp-json\/wp\/v2\/users\/1"}],"replies":[{"embeddable":true,"href":"https:\/\/wordpress.tilly-hedrich.de\/wordpress.tilly-hedrich.de\/wp-json\/wp\/v2\/comments?post=1621"}],"version-history":[{"count":10,"href":"https:\/\/wordpress.tilly-hedrich.de\/wordpress.tilly-hedrich.de\/wp-json\/wp\/v2\/pages\/1621\/revisions"}],"predecessor-version":[{"id":7319,"href":"https:\/\/wordpress.tilly-hedrich.de\/wordpress.tilly-hedrich.de\/wp-json\/wp\/v2\/pages\/1621\/revisions\/7319"}],"wp:featuredmedia":[{"embeddable":true,"href":"https:\/\/wordpress.tilly-hedrich.de\/wordpress.tilly-hedrich.de\/wp-json\/wp\/v2\/media\/4502"}],"wp:attachment":[{"href":"https:\/\/wordpress.tilly-hedrich.de\/wordpress.tilly-hedrich.de\/wp-json\/wp\/v2\/media?parent=1621"}],"curies":[{"name":"wp","href":"https:\/\/api.w.org\/{rel}","templated":true}]}}